isor of 324752 and 291120.
16
Calculate the highest common factor of 10224150 and 750.
150
Calculate the highest common factor of 185 and 154549.
37
Calculate the greatest common divisor of 35530614 and 5082.
42
Calculate the highest common divisor of 2384093 and 11140022.
10691
What is the highest common divisor of 23978 and 5662?
38
Calculate the highest common factor of 514773 and 522.
9
What is the greatest common divisor of 3068 and 18631492?
236
Calculate the highest common factor of 5031 and 9935523.
117
Calculate the greatest common factor of 6194408 and 37840.
3784
What is the greatest common factor of 481470 and 7260?
330
What is the greatest common factor of 63782 and 48?
2
Calculate the highest common factor of 771890 and 1130.
10
Calculate the highest common divisor of 3591 and 589806.
63
What is the greatest common factor of 1209 and 603369?
39
Calculate the highest common factor of 944664 and 344.
8
Calculate the highest common factor of 202902593 and 4189.
4189
What is the greatest common divisor of 3108 and 499315?
37
What is the highest common factor of 132069 and 7035?
21
Calculate the highest common divisor of 4718 and 209747452.
674
Calculate the highest common factor of 4462 and 1176028.
194
Calculate the highest common divisor of 257549 and 37499755.
3103
Calculate the greatest common factor of 55242 and 13446.
162
What is the greatest common factor of 1466204 and 3082?
46
Calculate the greatest common divisor of 2 and 2787564.
2
Calculate the greatest common factor of 5738607 and 10353.
609
Calculate the highest common factor of 13 and 77438231.
13
What is the highest common divisor of 9877 and 141847?
83
Calculate the greatest common factor of 14030 and 278990.
230
What is the highest common factor of 624 and 5285943?
39
What is the greatest common divisor of 16121216 and 39087?
4343
What is the highest common divisor of 2386704 and 12198?
114
Calculate the greatest common factor of 39879769 and 184.
23
What is the greatest common factor of 1880992 and 296?
8
What is the highest common divisor of 670217281 and 3155?
631
Calculate the greatest common factor of 4910 and 556.
2
Calculate the highest common divisor of 1220892 and 1506.
6
Calculate the highest common divisor of 939000 and 240.
120
Calculate the highest common divisor of 178145 and 52685.
205
What is the greatest common factor of 2607654 and 7238?
658
What is the highest common divisor of 11352042 and 807417?
12051
What is the greatest common divisor of 29 and 205600807?
29
What is the highest common divisor of 132677231 and 1462?
731
What is the greatest common factor of 8145 and 154539429?
543
What is the highest common factor of 187 and 985218?
17
What is the greatest common divisor of 304 and 2451056?
16
What is the highest common factor of 1267 and 346424407?
1267
What is the highest common factor of 45 and 26041080?
15
Calculate the greatest common divisor of 247099830 and 46320.
5790
Calculate the highest common factor of 8719110 and 1215.
135
What is the greatest common divisor of 10665589 and 11?
11
What is the greatest common factor of 136153969 and 749?
749
Calculate the highest common factor of 651633069 and 3786.
1893
Calculate the highest common factor of 172084959 and 18.
9
Calculate the highest common divisor of 13090 and 294309950.
1870
What is the greatest common divisor of 164702066 and 613?
613
What is the highest common factor of 381 and 327873?
3
What is the greatest common factor of 17138508 and 12?
12
What is the highest common factor of 11374 and 1999286?
94
Calculate the highest common factor of 4132492 and 38108.
28
What is the highest common factor of 70 and 125073508?
14
What is the highest common factor of 19445763 and 4941?
183
What is the greatest common divisor of 3434350 and 350?
50
What is the highest common factor of 420 and 151836930?
210
What is the highest common divisor of 20484 and 71424?
36
What is the greatest common divisor of 129534 and 474?
6
What is the greatest common factor of 201985371 and 11970?
1197
Calculate the greatest common factor of 5952 and 19116096.
192
Calculate the greatest common divisor of 495273 and 2793.
57
Calculate the highest common factor of 120621393 and 243.
81
Calculate the greatest common factor of 1850 and 2642466.
74
Calculate the greatest common divisor of 102 and 13236472.
34
What is the highest common factor of 1356 and 593250?
678
Calculate the greatest common divisor of 267 and 3051365.
89
What is the greatest common factor of 17373650 and 11900?
350
What is the greatest common factor of 689702 and 99638?
1294
Calculate the highest common divisor of 27564 and 45084.
12
What is the highest common divisor of 3634 and 48089512?
158
What is the greatest common factor of 87710 and 1009351?
49
Calculate the highest common divisor of 17 and 32312869.
17
Calculate the greatest common divisor of 1593171 and 10863.
9
Calculate the highest common divisor of 1565214 and 140088.
2694
Calculate the highest common divisor of 27524 and 3024.
28
Calculate the highest common divisor of 1130928 and 12240.
48
Calculate the greatest common divisor of 174243 and 5154.
3
Calculate the greatest common divisor of 1965366 and 78.
78
Calculate the greatest common factor of 56906 and 546786.
74
What is the greatest common factor of 5454137 and 3835?
767
What is the greatest common factor of 114 and 4090339?
19
What is the highest common divisor of 229 and 301201639?
229
Calculate the greatest common divisor of 45 and 9924000.
15
What is the greatest common factor of 140 and 1023260?
140
What is the highest common factor of 3606372 and 616?
308
Calculate the highest common factor of 640 and 8010368.
128
What is the highest common divisor of 5375382 and 8?
2
Calculate the highest common divisor of 4064823 and 642.
321
Calculate the greatest common factor of 888 and 2269492.
4
Calculate the greatest common divisor of 4 and 496374.
2
What is the highest common factor of 201525 and 26775?
75
What is the greatest common divisor of 57255913 and 13?
13
What is the highest common divisor of 9828 and 9467388?
756
What is the highest common divisor of 89141988 and 82212?
4836
Calculate the greatest common divisor of 510946741 and 1238.
619
Calculate the greatest common divisor of 1640 and 5445620.
820
What is the highest common divisor of 8510591 and 9401?
1343
What is the greatest common factor of 5281392 and 15504?
912
What is the highest common divisor of 1240 and 18890420?
20
Calculate the highest common divisor of 5070765 and 1470.
735
What is the highest common divisor of 1485 and 4900555?
55
Calculate the greatest common divisor of 14726 and 48766.
74
Calculate the highest common divisor of 881174 and 3981894.
1582
Calculate the highest common divisor of 23775390 and 216.
54
What is the greatest common factor of 552984 and 7128?
24
What is the greatest common factor of 1642356 and 4212?
324
Calculate the highest common factor of 19561 and 13515389.
631
Calculate the greatest common factor of 12973046 and 45248.
202
Calculate the highest common factor of 3752 and 27083812.
1876
Calculate the highest common divisor of 30640728 and 3.
3
Calculate the greatest common divisor of 9251870 and 488.
122
What is the highest common factor of 5096 and 5347472?
104
What is the greatest common factor of 2585178 and 570?
114
Calculate the highest common divisor of 161744858 and 7964.
3982
Calculate the greatest common divisor of 146073 and 226519.
2117
Calculate the greatest common factor of 18079 and 837593.
101
Calculate the greatest common factor of 376028 and 122.
2
Calculate the greatest common divisor of 64766 and 517.
47
Calculate the highest common divisor of 30503 and 8048249.
649
Calculate the highest common factor of 12432 and 961590.
42
What is the greatest common divisor of 1900 and 280136?
76
What is the greatest common factor of 560009745 and 15?
15
Calculate the highest common factor of 27609846 and 693.
33
Calculate the greatest common factor of 282639 and 589659.
903
Calculate the highest common divisor of 9856 and 1236312.
616
What is the highest common factor of 88 and 13328062?
22
Calculate the highest common factor of 1288348 and 144672.
548
Calculate the greatest common divisor of 3419133 and 444.